.
11
Calculate the remainder when 1019 is divided by 170.
169
What is the remainder when 454 is divided by 116?
106
Calculate the remainder when 41 is divided by 15.
11
What is the remainder when 1757 is divided by 4?
1
Calculate the remainder when 168 is divided by 10.
8
What is the remainder when 438 is divided by 145?
3
Calculate the remainder when 262 is divided by 87.
1
What is the remainder when 4921 is divided by 197?
193
Calculate the remainder when 774 is divided by 37.
34
Calculate the remainder when 1806 is divided by 113.
111
What is the remainder when 217 is divided by 32?
25
Calculate the remainder when 135 is divided by 35.
30
What is the remainder when 737 is divided by 245?
2
Calculate the remainder when 687 is divided by 30.
27
What is the remainder when 219 is divided by 14?
9
Calculate the remainder when 8344 is divided by 78.
76
Calculate the remainder when 144 is divided by 41.
21
Calculate the remainder when 444 is divided by 88.
4
Calculate the remainder when 1699 is divided by 50.
49
Calculate the remainder when 271 is divided by 25.
21
Calculate the remainder when 40 is divided by 18.
4
What is the remainder when 234 is divided by 59?
57
What is the remainder when 214 is divided by 65?
19
What is the remainder when 250 is divided by 11?
8
Calculate the remainder when 833 is divided by 271.
20
What is the remainder when 869 is divided by 235?
164
Calculate the remainder when 30224 is divided by 119.
117
What is the remainder when 574 is divided by 48?
46
Calculate the remainder when 322 is divided by 12.
10
What is the remainder when 1426 is divided by 159?
154
What is the remainder when 337 is divided by 64?
17
Calculate the remainder when 9085 is divided by 14.
13
What is the remainder when 42 is divided by 41?
1
What is the remainder when 3048 is divided by 109?
105
Calculate the remainder when 22 is divided by 20.
2
Calculate the remainder when 73 is divided by 41.
32
Calculate the remainder when 248 is divided by 51.
44
What is the remainder when 6084 is divided by 17?
15
What is the remainder when 488 is divided by 12?
8
What is the remainder when 117 is divided by 11?
7
Calculate the remainder when 284 is divided by 6.
2
Calculate the remainder when 5012 is divided by 9.
8
Calculate the remainder when 1792 is divided by 894.
4
What is the remainder when 506 is divided by 254?
252
What is the remainder when 143 is divided by 36?
35
Calculate the remainder when 1545 is divided by 47.
41
What is the remainder when 306 is divided by 100?
6
What is the remainder when 256 is divided by 73?
37
What is the remainder when 60 is divided by 38?
22
Calculate the remainder when 515 is divided by 74.
71
What is the remainder when 1885 is divided by 237?
226
What is the remainder when 1489 is divided by 372?
1
What is the remainder when 158 is divided by 34?
22
What is the remainder when 10228 is divided by 186?
184
Calculate the remainder when 1191 is divided by 3.
0
What is the remainder when 57 is divided by 12?
9
What is the remainder when 130 is divided by 39?
13
Calculate the remainder when 268 is divided by 74.
46
Calculate the remainder when 255 is divided by 83.
6
Calculate the remainder when 4594 is divided by 4572.
22
What is the remainder when 302 is divided by 38?
36
What is the remainder when 570 is divided by 103?
55
Calculate the remainder when 5910 is divided by 34.
28
Calculate the remainder when 1706 is divided by 38.
34
What is the remainder when 166 is divided by 7?
5
Calculate the remainder when 617 is divided by 33.
23
What is the remainder when 6678 is divided by 167?
165
Calculate the remainder when 168 is divided by 57.
54
What is the remainder when 435 is divided by 145?
0
Calculate the remainder when 395 is divided by 130.
5
Calculate the remainder when 400 is divided by 101.
97
What is the remainder when 2265 is divided by 91?
81
Calculate the remainder when 592 is divided by 127.
84
Calculate the remainder when 45 is divided by 10.
5
What is the remainder when 88 is divided by 35?
18
Calculate the remainder when 153 is divided by 93.
60
What is the remainder when 800 is divided by 198?
8
Calculate the remainder when 107 is divided by 2.
1
Calculate the remainder when 27 is divided by 12.
3
Calculate the remainder when 257 is divided by 87.
83
Calculate the remainder when 231 is divided by 29.
28
What is the remainder when 557 is divided by 56?
53
What is the remainder when 166 is divided by 48?
22
What is the remainder when 4281 is divided by 84?
81
Calculate the remainder when 88 is divided by 62.
26
What is the remainder when 1469 is divided by 64?
61
Calculate the remainder when 117 is divided by 45.
27
Calculate the remainder when 702 is divided by 44.
42
Calculate the remainder when 83 is divided by 41.
1
What is the remainder when 357 is divided by 80?
37
What is the remainder when 1208 is divided by 377?
77
Calculate the remainder when 389 is divided by 7.
4
What is the remainder when 139 is divided by 15?
4
Calculate the remainder when 173 is divided by 35.
33
What is the remainder when 166 is divided by 84?
82
What is the remainder when 170 is divided by 34?
0
Calculate the remainder when 1253 is divided by 38.
37
Calculate the remainder when 3994 is divided by 74.
72
What is the remainder when 10 is divided by 8?
2
Calculate the remainder when 672 is divided by 244.
184
Calculate the remainder when 160 is divided by 54.
52
What is the remainder when 435 is divided by 109?
108
What is the remainder when 1599 is divided by 32?
31
Calculate the remainder when 2210 is divided by 99.
32
Calculate the remainder when 170 is divided by 32.
10
What is the remainder when 35 is divided by 9?
8
Calculate the remainder when 169 is divided by 59.
51
What is the remainder when 4982 is divided by 86?
80
Calculate the remainder when 1248 is divided by 33.
27
What is the remainder when 221 is divided by 58?
47
What is the remainder when 136 is divided by 12?
4
Calculate the remainder when 38 is divided by 21.
17
Calculate the remainder when 1498 is divided by 12.
10
Calculate the remainder when 463 is divided by 112.
15
Calculate the remainder when 104 is divided by 7.
6
What is the remainder when 1094 is divided by 6?
2
What is the remainder when 493 is divided by 51?
34
What is the remainder when 427 is divided by 11?
9
Calculate the remainder when 274 is divided by 3.
1
Calculate the remainder when 70 is divided by 18.
16
What is the remainder when 1290 is divided by 27?
21
Calculate the remainder when 11358 is divided by 32.
30
Calculate the remainder when 313 is divided by 123.
67
Calculate the remainder when 162 is divided by 36.
18
What is the remainder when 428 is divided by 86?
84
Calculate the remainder when 878 is divided by 89.
77
What is the remainder when 265 is divided by 149?
116
What is the remainder when 361 is divided by 170?
21
Calculate the remainder when 939 is divided by 157.
154
What is the remainder when 74 is divided by 14?
4
Calculate the remainder when 2338 is divided by 45.
43
Calculate the remainder when 916 is divided by 102.
100
What is the remainder when 283 is divided by 232?
51
Calculate the remainder when 278 is divided by 40.
38
Calculate the remainder when 3514 is divided by 1756.
2
Calculate the remainder when 1655 is divided by 46.
45
Calculate the remainder when 313 is divided by 18.
7
What is the remainder when 2831 is divided by 316?
303
What is the remainder when 1155 is divided by 384?
3
What is the remainder when 71 is divided by 41?
30
What is the remainder when 102 is divided by 40?
22
What is the remainder when 229 is divided by 26?
21
Calculate the remainder when 252 is divided by 23.
22
Calculate the remainder when 220 is divided by 57.
49
Calculate the remainder when 106 is divided by 12.
10
What is the remainder when 3677 is divided by 263?
258
What is the remainder when 795 is divided by 57?
54
What is the remainder when 10722 is divided by 65?
62
What is the remainder when 43416 is divided by 34?
32
Calculate the remainder when 14 is divided by 5.
4
What is the remainder when 586 is divided by 70?
26
Calculate the remainder when 67 is divided by 13.
2
What is the remainder when 202 is divided by 103?
99
What is the remainder when 238 is divided b